{"id":4859,"date":"2025-02-14T16:02:14","date_gmt":"2025-02-14T15:02:14","guid":{"rendered":"https:\/\/www.imt.fr\/event\/eulist-blended-intensive-program\/"},"modified":"2025-05-20T10:50:28","modified_gmt":"2025-05-20T08:50:28","slug":"eulist-blended-intensive-program","status":"publish","type":"event","link":"https:\/\/www.imt.fr\/en\/event\/eulist-blended-intensive-program\/","title":{"rendered":"EULiST Blended Intensive Program : Effective Student Engagement"},"content":{"rendered":"\n<p>The second edition of the Erasmus+ Blended Intensive Programme (BIP) will focus on Student Engagement, with onsite sessions taking place in \u00c9vry, France, from June 23 to 27, 2025.<\/p>\n\n\n\n<h2 class=\"wp-block-heading\">An Erasmus+ Blended Intensive Programme (BIP) focused on Student Engagement<\/h2>\n\n\n\n<p><strong>Institut Mines-T\u00e9l\u00e9com Business School<\/strong> (IMT-BS), and T\u00e9l\u00e9com SudParis, within the framework of the<strong> <a href=\"https:\/\/www.imt.fr\/en\/imt\/our-global-outreach\/\">Alliance EULiST \u201cEuropean Universities Linking Society and Technology\u201d<\/a><\/strong>, are excited to announce the second edition of an Erasmus+ Blended Intensive Programme (BIP) focused on the crucial theme of <strong>Student Engagement<\/strong>.<\/p>\n\n\n\n<p>This innovative program, conceived in collaboration with <a href=\"https:\/\/www.vut.cz\/en\/\" target=\"_blank\" rel=\"noopener\">Brno University of Technology (BUT)<\/a>, <a href=\"https:\/\/www.urjc.es\/\" target=\"_blank\" rel=\"noopener\">Universidad Rey Juan Carlos (URJC)<\/a>, <a href=\"https:\/\/www.uni-hannover.de\/en\/\" target=\"_blank\" rel=\"noopener\">Leibniz University Hannover (LUH)<\/a>, and <a href=\"https:\/\/www.ntua.gr\/en\/\" target=\"_blank\" rel=\"noopener\">National Technical University of Athens (NTUA)<\/a>, aims to<strong> equip students with the necessary skills and knowledge to bolster their active participation in both academic and extracurricular activities<\/strong>.<\/p>\n\n\n\n<h2 class=\"wp-block-heading\">Student Engagement<\/h2>\n\n\n\n<p>Student Engagement promotes the acquisition of skills and knowledge that contribute to personal development, civic education, and better integration of students into society as active citizens. In this context, it is essential to develop mechanisms for recognizing engagement and all extracurricular activities of students. <\/p>\n\n\n\n<p>In our dynamic program, students will develop essential communication skills, intercultural competence, and leadership qualities to navigate and influence diverse groups effectively. They will learn project management with practical tools, oversee administrative and financial tasks, and understand the nuances of resource management. <\/p>\n\n\n\n<p>The program promotes self-directed learning, empowering students to use innovative tools and technologies for personal and professional growth. It also delves into the essence of active citizenship, spurring students to participate in initiatives that foster social inclusion and embody European ideals.<\/p>\n\n\n\n<p>This rich tapestry of experiences prepares participants to contribute meaningfully to the&nbsp;<a href=\"https:\/\/www-test.imt.fr\/international\/eulist\/\" target=\"_blank\" rel=\"noopener\">European University EULiST<\/a>&nbsp;community and the wider global context, in alignment with the United Nations Sustainable Development Goals.<\/p>\n\n\n\n<p>The educational strategy is multifaceted, blending presentations, group collaborations, vibrant discussions, and engaging social activities. This pedagogical mix ensures that participants not only absorb theoretical insights but also engage practically with initiatives led by students, positioning them to weave these experiences into their future professional tapestry.<\/p>\n\n\n\n<p>For insights into the previous edition of the BIP and its impact, please visit <a href=\"https:\/\/www.imt.fr\/imt-mines-ales-eulist-2024\/\">this page.<\/a><\/p>\n\n\n\n<div class=\"wp-block-columns is-layout-flex wp-container-core-columns-is-layout-9d6595d7 wp-block-columns-is-layout-flex\">\n<div class=\"wp-block-column is-layout-flow wp-block-column-is-layout-flow\">\n<h3 class=\"wp-block-heading\">Structure<\/h3>\n\n\n\n<p><strong>On-line lectures<\/strong><br>June 1 and June 20, 2025, with 5-7 sessions of 2-3 hours each<\/p>\n\n\n\n<p><strong>Onsite physical workshops at Institute Mines-T\u00e9l\u00e9com Business School<\/strong><br>June 23 and June 27, 2025<\/p>\n\n\n\n<p><strong>Autonomous work<\/strong><br>July<\/p>\n\n\n\n<p><strong>Expected schedule<\/strong><br>The expected schedule will be published here<\/p>\n<\/div>\n\n\n\n<div class=\"wp-block-column is-layout-flow wp-block-column-is-layout-flow\">\n<h3 class=\"wp-block-heading\">Learning Outcomes<\/h3>\n\n\n\n<p>Communication skills and interculturality<\/p>\n\n\n\n<p>Association management, including project and financial management<\/p>\n\n\n\n<p>Leadership development and fostering cultural and social awareness<\/p>\n\n\n\n<p>Autonomous learning techniques and the use of technology<\/p>\n\n\n\n<p>Insights on active citizenship and social inclusion initiatives<\/p>\n<\/div>\n<\/div>\n\n\n\n<h3 class=\"wp-block-heading\">Credits \u2013 ECTS<\/h3>\n\n\n\n<ul class=\"wp-block-list bulletlist\">\n<li>Upon successful completion of the BIP Program, students will earn<strong> 3 ECTS credit points <\/strong>accredited by Institut Mines-T\u00e9l\u00e9com Business School<\/li>\n\n\n\n<li>Acceptance of these ECTS credit points within students\u2019 academic curricula is contingent upon their respective home universities\u2019 policies.<\/li>\n\n\n\n<li>Prior to program enrollment, students are encouraged to consult with study counselors or EULiST local coordinators.<\/li>\n\n\n\n<li>Completion of the program will be documented in the diploma supplement.<\/li>\n<\/ul>\n\n\n\n<h3 class=\"wp-block-heading\">Teachers<\/h3>\n\n\n\n<p>Information about teachers will be published soon.<\/p>\n\n\n\n<div class=\"wp-block-columns is-layout-flex wp-container-core-columns-is-layout-9d6595d7 wp-block-columns-is-layout-flex\">\n<div class=\"wp-block-column is-layout-flow wp-block-column-is-layout-flow\">\n<h3 class=\"wp-block-heading\">Application<\/h3>\n\n\n\n<ul class=\"wp-block-list bulletlist\">\n<li class=\"class=&quot;bulletlist&quot;\">English language proficiency certificate (B2 or equivalent)<\/li>\n\n\n\n<li>Submission of CV and a motivation letter outlining aspirations and expectations.<\/li>\n\n\n\n<li>EULiST universities\u2019 students should <a href=\"https:\/\/partage.imt.fr\/index.php\/s\/HNN32cog7iDskxT\" target=\"_blank\" rel=\"noopener\">contact their Erasmus coordinator or the EULiST coordinator for nominations and send the applications before March 20<\/a><\/li>\n\n\n\n<li>IMT home students can contact Tinatin.kakabadze@imt.fr before March 30<\/li>\n<\/ul>\n<\/div>\n\n\n\n<div class=\"wp-block-column is-layout-flow wp-block-column-is-layout-flow\">\n<h3 class=\"wp-block-heading\">Targeted audience<\/h3>\n\n\n\n<p>This programme is addressed to :<\/p>\n\n\n\n<ul class=\"wp-block-list bulletlist\">\n<li>the students from all the different fields of study and all different levels, undergraduate, graduate or PhD,<\/li>\n\n\n\n<li>coming from the EULiST and IMT universities with strong background in participating in association or elected bodies.<\/li>\n<\/ul>\n<\/div>\n<\/div>\n\n\n\n<div class=\"wp-block-columns is-layout-flex wp-container-core-columns-is-layout-9d6595d7 wp-block-columns-is-layout-flex\">\n<div class=\"wp-block-column bulletlist is-layout-flow wp-block-column-is-layout-flow\">\n<h3 class=\"wp-block-heading\">Important Dates<\/h3>\n\n\n\n<ul class=\"wp-block-list bulletlist\">\n<li>March 30: Deadline for student applications<\/li>\n\n\n\n<li>April 4: Notification of student participation<\/li>\n\n\n\n<li>June 1 \u2013 June 20: Virtual sessions<\/li>\n\n\n\n<li>June 23-27: Onsite workshops in Evry, France (welcome on the campus starting from June 22nd)<\/li>\n<\/ul>\n<\/div>\n\n\n\n<div class=\"wp-block-column is-layout-flow wp-block-column-is-layout-flow\">\n<h3 class=\"wp-block-heading\">Support for EULiST Students<\/h3>\n\n\n\n<ul class=\"wp-block-list bulletlist\">\n<li>Mobility fund from sending institutions (approx. 400 euros)<\/li>\n\n\n\n<li>Funding support for green travel from sending institutions<\/li>\n\n\n\n<li>Social\/cultural activities organized by IMT<\/li>\n\n\n\n<li>Affordable cantine<\/li>\n\n\n\n<li>Suggestions for affordable housing options on the campus or nearby hotels<\/li>\n<\/ul>\n<\/div>\n<\/div>\n\n\n\n<div class=\"wp-block-columns is-layout-flex wp-container-core-columns-is-layout-9d6595d7 wp-block-columns-is-layout-flex\">\n<div class=\"wp-block-column is-layout-flow wp-block-column-is-layout-flow\">\n<h3 class=\"wp-block-heading\">Support for IMT Students<\/h3>\n\n\n\n<ul class=\"wp-block-list bulletlist\">\n<li>IMT home students will receive the same level of funding as EULiST students.<\/li>\n\n\n\n<li>Costs related to transportation, accommodation, and meals will be covered.<\/li>\n<\/ul>\n<\/div>\n\n\n\n<div class=\"wp-block-column is-layout-flow wp-block-column-is-layout-flow\">\n<h3 class=\"wp-block-heading\">Contact<\/h3>\n\n\n\n<p>For further information, please contact : <a href=\"mailto:tinatin.kakabadze@imt.fr\">tinatin.kakabadze@imt.fr<\/a> or <a href=\"mailto:virginie.bezot@imt-bs.eu\">virginie.bezot@imt-bs.eu<\/a><\/p>\n<\/div>\n<\/div>\n\n\n\n<p><\/p>\n","protected":false},"excerpt":{"rendered":"<p>The second edition of the Erasmus+ Blended Intensive Programme (BIP) will focus on Student Engagement, with onsite sessions taking place in \u00c9vry, France, from June 23 to 27, 2025. An Erasmus+ Blended Intensive Programme (BIP) focused on Student Engagement Institut Mines-T\u00e9l\u00e9com Business School (IMT-BS), and T\u00e9l\u00e9com SudParis, within the framework of the Alliance EULiST \u201cEuropean [&hellip;]<\/p>\n","protected":false},"author":6,"featured_media":1999,"comment_status":"closed","ping_status":"closed","template":"","event-tag":[196],"class_list":["post-4859","event","type-event","status-publish","has-post-thumbnail","hentry","event-tag-europe-en"],"event_location":"\u00c9vry","event_date":"2025-06-23","event_end_date":"2025-06-27","_links":{"self":[{"href":"https:\/\/www.imt.fr\/en\/wp-json\/wp\/v2\/event\/4859","targetHints":{"allow":["GET"]}}],"collection":[{"href":"https:\/\/www.imt.fr\/en\/wp-json\/wp\/v2\/event"}],"about":[{"href":"https:\/\/www.imt.fr\/en\/wp-json\/wp\/v2\/types\/event"}],"author":[{"embeddable":true,"href":"https:\/\/www.imt.fr\/en\/wp-json\/wp\/v2\/users\/6"}],"replies":[{"embeddable":true,"href":"https:\/\/www.imt.fr\/en\/wp-json\/wp\/v2\/comments?post=4859"}],"version-history":[{"count":5,"href":"https:\/\/www.imt.fr\/en\/wp-json\/wp\/v2\/event\/4859\/revisions"}],"predecessor-version":[{"id":6616,"href":"https:\/\/www.imt.fr\/en\/wp-json\/wp\/v2\/event\/4859\/revisions\/6616"}],"wp:featuredmedia":[{"embeddable":true,"href":"https:\/\/www.imt.fr\/en\/wp-json\/wp\/v2\/media\/1999"}],"wp:attachment":[{"href":"https:\/\/www.imt.fr\/en\/wp-json\/wp\/v2\/media?parent=4859"}],"wp:term":[{"taxonomy":"event-tag","embeddable":true,"href":"https:\/\/www.imt.fr\/en\/wp-json\/wp\/v2\/event-tag?post=4859"}],"curies":[{"name":"wp","href":"https:\/\/api.w.org\/{rel}","templated":true}]}}

<p>The second edition of the Erasmus+ Blended Intensive Programme (BIP) will focus on Student Engagement, with onsite sessions taking place in Évry, France, from June 23 to 27, 2025.</p>



<h2 class="wp-block-heading">An Erasmus+ Blended Intensive Programme (BIP) focused on Student Engagement</h2>



<p><strong>Institut Mines-Télécom Business School</strong> (IMT-BS), and Télécom SudParis, within the framework of the<strong> <a href="https://www.imt.fr/en/imt/our-global-outreach/">Alliance EULiST “European Universities Linking Society and Technology”</a></strong>, are excited to announce the second edition of an Erasmus+ Blended Intensive Programme (BIP) focused on the crucial theme of <strong>Student Engagement</strong>.</p>



<p>This innovative program, conceived in collaboration with <a href="https://www.vut.cz/en/" target="_blank" rel="noopener">Brno University of Technology (BUT)</a>, <a href="https://www.urjc.es/" target="_blank" rel="noopener">Universidad Rey Juan Carlos (URJC)</a>, <a href="https://www.uni-hannover.de/en/" target="_blank" rel="noopener">Leibniz University Hannover (LUH)</a>, and <a href="https://www.ntua.gr/en/" target="_blank" rel="noopener">National Technical University of Athens (NTUA)</a>, aims to<strong> equip students with the necessary skills and knowledge to bolster their active participation in both academic and extracurricular activities</strong>.</p>



<h2 class="wp-block-heading">Student Engagement</h2>



<p>Student Engagement promotes the acquisition of skills and knowledge that contribute to personal development, civic education, and better integration of students into society as active citizens. In this context, it is essential to develop mechanisms for recognizing engagement and all extracurricular activities of students. </p>



<p>In our dynamic program, students will develop essential communication skills, intercultural competence, and leadership qualities to navigate and influence diverse groups effectively. They will learn project management with practical tools, oversee administrative and financial tasks, and understand the nuances of resource management. </p>



<p>The program promotes self-directed learning, empowering students to use innovative tools and technologies for personal and professional growth. It also delves into the essence of active citizenship, spurring students to participate in initiatives that foster social inclusion and embody European ideals.</p>



<p>This rich tapestry of experiences prepares participants to contribute meaningfully to the&nbsp;<a href="https://www-test.imt.fr/international/eulist/" target="_blank" rel="noopener">European University EULiST</a>&nbsp;community and the wider global context, in alignment with the United Nations Sustainable Development Goals.</p>



<p>The educational strategy is multifaceted, blending presentations, group collaborations, vibrant discussions, and engaging social activities. This pedagogical mix ensures that participants not only absorb theoretical insights but also engage practically with initiatives led by students, positioning them to weave these experiences into their future professional tapestry.</p>



<p>For insights into the previous edition of the BIP and its impact, please visit <a href="https://www.imt.fr/imt-mines-ales-eulist-2024/">this page.</a></p>



<div class="wp-block-columns is-layout-flex wp-container-core-columns-is-layout-9d6595d7 wp-block-columns-is-layout-flex">
<div class="wp-block-column is-layout-flow wp-block-column-is-layout-flow">
<h3 class="wp-block-heading">Structure</h3>



<p><strong>On-line lectures</strong><br>June 1 and June 20, 2025, with 5-7 sessions of 2-3 hours each</p>



<p><strong>Onsite physical workshops at Institute Mines-Télécom Business School</strong><br>June 23 and June 27, 2025</p>



<p><strong>Autonomous work</strong><br>July</p>



<p><strong>Expected schedule</strong><br>The expected schedule will be published here</p>
</div>



<div class="wp-block-column is-layout-flow wp-block-column-is-layout-flow">
<h3 class="wp-block-heading">Learning Outcomes</h3>



<p>Communication skills and interculturality</p>



<p>Association management, including project and financial management</p>



<p>Leadership development and fostering cultural and social awareness</p>



<p>Autonomous learning techniques and the use of technology</p>



<p>Insights on active citizenship and social inclusion initiatives</p>
</div>
</div>



<h3 class="wp-block-heading">Credits – ECTS</h3>



<ul class="wp-block-list bulletlist">
<li>Upon successful completion of the BIP Program, students will earn<strong> 3 ECTS credit points </strong>accredited by Institut Mines-Télécom Business School</li>



<li>Acceptance of these ECTS credit points within students’ academic curricula is contingent upon their respective home universities’ policies.</li>



<li>Prior to program enrollment, students are encouraged to consult with study counselors or EULiST local coordinators.</li>



<li>Completion of the program will be documented in the diploma supplement.</li>
</ul>



<h3 class="wp-block-heading">Teachers</h3>



<p>Information about teachers will be published soon.</p>



<div class="wp-block-columns is-layout-flex wp-container-core-columns-is-layout-9d6595d7 wp-block-columns-is-layout-flex">
<div class="wp-block-column is-layout-flow wp-block-column-is-layout-flow">
<h3 class="wp-block-heading">Application</h3>



<ul class="wp-block-list bulletlist">
<li class="class=&quot;bulletlist&quot;">English language proficiency certificate (B2 or equivalent)</li>



<li>Submission of CV and a motivation letter outlining aspirations and expectations.</li>



<li>EULiST universities’ students should <a href="https://partage.imt.fr/index.php/s/HNN32cog7iDskxT" target="_blank" rel="noopener">contact their Erasmus coordinator or the EULiST coordinator for nominations and send the applications before March 20</a></li>



<li>IMT home students can contact Tinatin.kakabadze@imt.fr before March 30</li>
</ul>
</div>



<div class="wp-block-column is-layout-flow wp-block-column-is-layout-flow">
<h3 class="wp-block-heading">Targeted audience</h3>



<p>This programme is addressed to :</p>



<ul class="wp-block-list bulletlist">
<li>the students from all the different fields of study and all different levels, undergraduate, graduate or PhD,</li>



<li>coming from the EULiST and IMT universities with strong background in participating in association or elected bodies.</li>
</ul>
</div>
</div>



<div class="wp-block-columns is-layout-flex wp-container-core-columns-is-layout-9d6595d7 wp-block-columns-is-layout-flex">
<div class="wp-block-column bulletlist is-layout-flow wp-block-column-is-layout-flow">
<h3 class="wp-block-heading">Important Dates</h3>



<ul class="wp-block-list bulletlist">
<li>March 30: Deadline for student applications</li>



<li>April 4: Notification of student participation</li>



<li>June 1 – June 20: Virtual sessions</li>



<li>June 23-27: Onsite workshops in Evry, France (welcome on the campus starting from June 22nd)</li>
</ul>
</div>



<div class="wp-block-column is-layout-flow wp-block-column-is-layout-flow">
<h3 class="wp-block-heading">Support for EULiST Students</h3>



<ul class="wp-block-list bulletlist">
<li>Mobility fund from sending institutions (approx. 400 euros)</li>



<li>Funding support for green travel from sending institutions</li>



<li>Social/cultural activities organized by IMT</li>



<li>Affordable cantine</li>



<li>Suggestions for affordable housing options on the campus or nearby hotels</li>
</ul>
</div>
</div>



<div class="wp-block-columns is-layout-flex wp-container-core-columns-is-layout-9d6595d7 wp-block-columns-is-layout-flex">
<div class="wp-block-column is-layout-flow wp-block-column-is-layout-flow">
<h3 class="wp-block-heading">Support for IMT Students</h3>



<ul class="wp-block-list bulletlist">
<li>IMT home students will receive the same level of funding as EULiST students.</li>



<li>Costs related to transportation, accommodation, and meals will be covered.</li>
</ul>
</div>



<div class="wp-block-column is-layout-flow wp-block-column-is-layout-flow">
<h3 class="wp-block-heading">Contact</h3>



<p>For further information, please contact : <a href="mailto:tinatin.kakabadze@imt.fr">tinatin.kakabadze@imt.fr</a> or <a href="mailto:virginie.bezot@imt-bs.eu">virginie.bezot@imt-bs.eu</a></p>
</div>
</div>



<p></p>

<p>The second edition of the Erasmus+ Blended Intensive Programme (BIP) will focus on Student Engagement, with onsite sessions taking place in Évry, France, from June 23 to 27, 2025. An Erasmus+ Blended Intensive Programme (BIP) focused on Student Engagement Institut Mines-Télécom Business School (IMT-BS), and Télécom SudParis, within the framework of the Alliance EULiST “European [&hellip;]</p>

Évry
